he remainder when h is divided by k?
7
Let m(h) = 2*h**2 + 3*h - 2. Let j be m(1). Suppose 20 = 8*c - j*c. Suppose -s + 75 = c. Calculate the remainder when s is divided by 24.
23
Let x be (-2)/(284/92 + -3). Let q = x - -135. Suppose 327 = 5*b + q. What is the remainder when b is divided by 15?
13
Let z be (-2)/7 + (-6)/(-21). Suppose z = 3*j - 18 + 3. What is the remainder when j is divided by 9 - (9 + (-21)/7)?
2
Suppose s - 67 - 74 = 0. Calculate the remainder when s is divided by 46.
3
Suppose 5*c + 0*c - 225 = 0. Let q = 51 - c. What is the remainder when 3/(-2)*64/(-6) is divided by q?
4
Suppose -15 = -2*c + c - 4*b, 3*c + 2*b - 15 = 0. Suppose c*r + 5*t = -0*r + 16, 4*r = 3*t + 60. What is the remainder when r is divided by 3?
0
Suppose -5*b + 336 = -324. Calculate the remainder when b is divided by 27.
24
Let n(z) = -z**2 + z + 3. Let y(p) = p**3 + 9*p**2 + 8*p. Let v be y(-8). Let i be n(v). Calculate the remainder when 14 is divided by 3*2/i + 3.
4
Suppose -4*k + 73 + 27 = -4*n, 0 = 3*k + 2*n - 80. Calculate the remainder when 343 is divided by k.
5
Suppose -5*f - 4*i + 3*i + 402 = 0, -i = -5*f + 408. Suppose f = 18*t - 15*t. Calculate the remainder when 106 is divided by t.
25
Suppose j = 3*l - 2, -j - 5*l - 8 = 3*j. Calculate the remainder when (-5)/(-10) + 165/6 is divided by 1/(j/(-60)*3).
8
Suppose 4*t - 5*t - 5*a + 8 = 0, -5*a + 32 = 4*t. Let y = t + 1. Suppose y*o - 14 = 7*o. What is the remainder when 12 is divided by o?
5
Suppose -5*k + 5*f = -0*f - 15, 5 = 2*k - f. Suppose -5*z + k*p + 402 = 3*p, p - 159 = -2*z. What is the remainder when z is divided by 22?
15
Suppose 0 + 15 = 5*a. Let c be (-9)/21 - -1 - (-51)/21. Suppose 0 = 3*o + a*k - 90, 2*k + 80 = c*o - 0*o. Calculate the remainder when o is divided by 15.
13
Let x(a) = 2*a**2 - 11. What is the remainder when x(7) is divided by 11?
10
Let f(u) = 2*u**3 - 3*u**2 - 6*u + 4. What is the remainder when f(4) is divided by (28 + -37)*39/(-27)?
8
Let m = 22 - 11. Suppose -70 = 4*y - m*y. Calculate the remainder when 17 is divided by y.
7
Let z = 8 + -4. Let b = z + 12. Suppose 5*i = -3*s + 156, -4*s + 37*i + 179 = 34*i. What is the remainder when s is divided by b?
15
Suppose 4*m = 9*m - 15. What is the remainder when 92 is divided by 11/(33/84) + m?
30
Suppose 30*s - 511 - 119 = 0. Let n = 60 - 19. Calculate the remainder when n is divided by s.
20
Let d = 6 - -83. Suppose -3*v + k + 20 + 25 = 0, -5*v + d = 3*k. Calculate the remainder when 78 is divided by v.
14
Let s(c) = c**3 - 6*c**2 - c + 6. Let i be s(6). Suppose i = o - 5*o + 64. Suppose -b - 15*b + 976 = 0. What is the remainder when b is divided by o?
13
Let q = 1921 - 1693. What is the remainder when q is divided by 115?
113
Suppose 282 = -16*d + 22*d. What is the remainder when d is divided by 26?
21
Suppose 3*b = -24 - 21. Let p = b + 44. What is the remainder when 114 is divided by p?
27
Let v = 9 - 4. Suppose 240 = 5*d - 4*x, 0 = -0*x + v*x + 25. What is the remainder when d is divided by 9?
8
Suppose 14*v - 2744 - 3850 = 0. What is the remainder when v is divided by 43?
41
Suppose 83*r - 42 = 81*r. Calculate the remainder when 32 is divided by r.
11
Let s = 13 + -3. Suppose s*t - 53 = 37. Calculate the remainder when t is divided by 3.
0
Suppose 0 = 4*z - 2*u - 190, 110 = 14*z - 12*z + 2*u. Suppose -5*g + 165 = z. Calculate the remainder when 40 is divided by g.
17
Let x = 1772 + -1730. What is the remainder when x is divided by 2?
0
Let u = 10 + 3. Let n be 10/(-65) + 54/u. Suppose -n*p = -16, -68 = -4*y + 4*p + 16. Calculate the remainder when 73 is divided by y.
23
Calculate the remainder when (-6696)/(-78) - 8/(-52) is divided by 21.
2
Let o(h) = 2*h + 3. Let r be o(-3). Calculate the remainder when (r/2)/(54/(-12) + 4) is divided by 3.
0
Suppose 3*k + 0*k - 367 = -2*r, -5*k = 5*r - 925. Calculate the remainder when r is divided by 32.
28
Let i(w) = 4*w**2 - 22*w + 8. What is the remainder when i(-7) is divided by 90?
88
Suppose -o = o - 432. Let r = o + -144. What is the remainder when r is divided by 37?
35
Let d(z) = z**3 + 6*z**2 + 2*z + 12. Let l be d(-6). Suppose l = 3*g + c + 2*c - 39, 4*c - 12 = 0. Let p = 2 + 1. What is the remainder when g is divided by p?
1
Suppose -5*s + 30 = s. Suppose 0 = 2*j + 2*x - 140, -64 - 24 = -j + s*x. Calculate the remainder when j is divided by 19.
16
Suppose 4*n - v = 171, -v + 3 = 2. Calculate the remainder when n is divided by (6/15)/(2/110).
21
Suppose 5*d - 20 = 5. Let p(x) = x**3 - 5*x**2 + x + 6. What is the remainder when ((-15)/(-20))/(1/(-4)) - -22 is divided by p(d)?
8
Suppose 0 = x + 208 + 85. Let i = -209 - x. What is the remainder when i is divided by 22?
18
Let i = 84 - 59. Suppose -5*y + 185 = 5*k + i, -5*y = -25. Calculate the remainder when 80 is divided by k.
26
Let u = 1150 + 1049. What is the remainder when u is divided by 10?
9
Suppose 0 = -3*c + 15 - 660. Let u = 410 + c. Suppose -4*b = -b + 5*h - 195, -3*b = -3*h - u. Calculate the remainder when b is divided by 33.
32
Let a(t) = -60*t + 2. Suppose -6*w + 4*w + 4*q = -52, -105 = -5*w + 5*q. Calculate the remainder when a(-1) is divided by w.
14
Let i = -19 + 29. Calculate the remainder when 555/9 - -1 - i/15 is divided by 16.
14
Let o(i) = -i**3 - i**2 - 20*i - 77. What is the remainder when 81 is divided by o(-4)?
30
Suppose 117*l - 93 = -x + 111*l, 5 = -l. Let w = 98 + -56. What is the remainder when x is divided by w?
39
Let u be (1*218)/(3*(-4)/12). Calculate the remainder when 52 is divided by u*4/(-48) + (-1)/6.
16
Let h = -206 + 211. Suppose -n + 39 = k + 2*n, 5*n + 155 = 5*k. What is the remainder when k is divided by h?
3
Let p be 970/15 + 6/(-9). Suppose p = -3*z + 175. Suppose 4*o + 13 = z. What is the remainder when 10 is divided by o?
4
Suppose -100 = -5*b + 2*s, -s + 85 = 5*b - 6*s. Calculate the remainder when b is divided by 16.
6
Let s = 14 - 23. Let p be 8/12*s/(-2). Let r = 2 + p. What is the remainder when 7 is divided by r?
2
Let g be (-4)/3*(-9 - -6). Suppose g = 7*q - 3. What is the remainder when 1 is divided by q?
0
Suppose 4 = 5*y - 6. Suppose -56 = -y*w + 30. What is the remainder when w is divided by 8?
3
Let o(z) = -z**3 - 6*z**2 - 3*z - 6. Let g be o(-6). Suppose -2*t - g = 2*t. What is the remainder when 71 + (t/1)/3 is divided by 24?
22
Suppose -41 = -6*h + 79. Suppose -5*d - 4*i = -2*i - 59, 0 = -d - 2*i + 15. What is the remainder when h is divided by d?
9
Let o = -616 + 772. Calculate the remainder when 614 is divided by o.
146
Let v be (1 + -6)*(2 - 3). Suppose 3*x - 46 = v. Suppose 3*b + 2*b - 155 = 0. What is the remainder when b is divided by x?
14
Let o = 395 + -308. What is the remainder when 171 is divided by o?
84
Suppose 675*g = 668*g + 847. What is the remainder when g is divided by 61?
60
Let y = 12 + -12. Suppose 4*o - o = y. Suppose o*g = 6*g - 54. Calculate the remainder when 44 is divided by g.
8
Let a(p) = 2*p**2 - 5*p + 2. Let i be a(3). What is the remainder when 1/(4 + -3) + 7 is divided by 4 + (i + -2)/(-3)?
2
Let l = -55 - -55. Suppose l = 53*q - 55*q + 12. What is the remainder when 15 is divided by q?
3
Suppose 2*u + 457 = v, -339 = -4*u + 4*v - 1243. Let s = -159 - u. What is the remainder when s is divided by (-2 + 1)/(1/(-15))?
12
Let z = -287 + 312. Let a(j) = 2*j**2 + 5*j - 5. Calculate the remainder when a(6) is divided by z.
22
Suppose -5*y + 60 = -15. Let x = 19 + y. Suppose -14 = -2*t + 4. What is the remainder when x is divided by t?
7
Let j = 33 - 71. Let f = -15 - j. What is the remainder when 66 is divided by f?
20
Let b = 1276 + -1137. Calculate the remainder when b is divided by 8.
3
Suppose 3*j + j = 0. Suppose j = 3*d - 98 - 73. Let a = 62 - 42. Calculate the remainder when d is divided by a.
17
Let z(r) = r**3 - 4*r**2 + 6. Calculate the remainder when z(6) is divided by 12.
6
Let i = 315 + -214. What is the remainder when (-5)/10 - i/(-4)*2 is divided by ((-78)/(-9))/((-4)/(-6))?
11
Let j be 2/(-11) - 210/55. Let g = 32 + j. Calculate the remainder when 137 is divided by g.
25
Suppose 4*f + f = 2*q + 65, 0 = 4*f - 3*q - 52. Suppose 1 = 7*o - f. Suppose o*y + 6 - 194 = 0. What is the remainder when y is divided by 32?
30
What is the remainder when 188 is divided by (-2)/3*(-37 + (-4)/2)?
6
Suppose 0 = 7*a - 6*a